01212021121120 (base 3) in base 10?
-15338607
What is -cb1c0 (base 15) in base 8?
-2353646
Convert c8baa4 (base 13) to base 9.
8767807
What is 2432024 (base 5) in base 12?
22681
What is -138a5 (base 12) in base 8?
-65075
What is 6461b0 (base 16) in base 13?
149448a
Convert 182849 (base 10) to base 2.
101100101001000001
What is -553431043 (base 6) in base 12?
-340b483
Convert -858056 (base 16) to base 10.
-8749142
-11122012010 (base 3) to base 10
-91263
Convert -518643 (base 9) to base 2.
-1001011001111000011
What is -78c468 (base 14) in base 6?
-224000444
-265771 (base 8) to base 3
-11201211000
Convert 12321201 (base 5) to base 12.
59668
Convert -20451 (base 13) to base 12.
-295a0
What is -6a84 (base 12) in base 2?
-10111010000100
What is 30433566 (base 7) in base 15?
35473c
Convert -28473715 (base 9) to base 12.
-4881105
Convert -1050032 (base 6) to base 15.
-10b3b
Convert 1000111000000 (base 2) to base 4.
1013000
Convert -13441412 (base 5) to base 6.
-3001120
-15534147 (base 8) to base 2
-1101101011100001100111
-5aa60 (base 16) to base 3
-200212022201
What is -c8b946 (base 13) in base 8?
-21756566
288112 (base 9) to base 14
4847c
120433 (base 5) to base 14
18cd
What is 4027167 (base 11) in base 9?
14358637
-225a23 (base 11) to base 15
-716b9
-4543413 (base 6) to base 2
-111000100001000001
Convert -8d45 (base 14) to base 10.
-24561
4413312 (base 5) to base 4
102210302
Convert 132112223 (base 4) to base 2.
11110010110101011
Convert -5332252 (base 6) to base 9.
-437055
11322112 (base 4) to base 13
b038
What is -5814a (base 11) in base 5?
-10142103
-6074510 (base 8) to base 5
-402311122
Convert -14003445 (base 7) to base 16.
-13c425
Convert 100011111100100100110100 (base 2) to base 9.
18652123
4560634 (base 8) to base 12
4b8110
24227 (base 11) to base 2
1000100000111101
What is 1728c3 (base 15) in base 8?
4220263
What is 112011201122 (base 3) in base 2?
1000100000111100000
Convert -1524155 (base 6) to base 3.
-11112011122
What is 9372 (base 13) in base 6?
234153
2258d (base 15) to base 4
122223022
Convert 23129 (base 11) to base 13.
122a4
What is -2888674 (base 10) in base 3?
-12102202111221
2455074 (base 8) to base 15
d605a
Convert -24564520 (base 8) to base 14.
-a162c0
What is -f2206 (base 16) in base 5?
-223214000
What is -19257d (base 14) in base 15?
-128b32
Convert -3776ab7 (base 12) to base 14.
-1628831
-13f8c (base 16) to base 11
-56508
Convert 44311513 (base 6) to base 15.
1b474c
4461 (base 8) to base 11
184a
What is 10774027 (base 8) in base 9?
4382510
What is 139156 (base 10) in base 8?
417624
What is 971483 (base 10) in base 9?
1740555
What is 112301113 (base 4) in base 9?
151844
Convert -c2de86 (base 15) to base 9.
-18374510
-100110110010001100011 (base 2) to base 4
-10312101203
Convert -2375c2 (base 14) to base 9.
-2245467
What is -10576b (base 14) in base 16?
-87033
-21002111 (base 5) to base 4
-222001330
What is -221032113323 (base 4) in base 11?
-6111325
What is -344502 (base 8) in base 14?
-30934
What is -235064 (base 7) in base 11?
-29a98
What is -182461 (base 9) in base 10?
-113374
Convert 303a6 (base 14) to base 15.
24572
Convert 140979 (base 11) to base 10.
220790
What is -4cd1b7 (base 14) in base 16?
-2868fd
1331230 (base 6) to base 13
279c0
Convert -9b9a91 (base 12) to base 11.
-1447865
-6865c (base 13) to base 16
-2e651
-163752 (base 9) to base 14
-28c5a
What is -1ddd3a (base 14) in base 7?
-12066403
-1001101101110100101000 (base 2) to base 6
-130331332
-2b5016 (base 13) to base 9
-2006621
-20020113 (base 4) to base 9
-50613
100000100110000100 (base 2) to base 6
2510032
What is -2304032 (base 5) in base 15?
-c2cc
27a798 (base 16) to base 15
36503d
-120220120200021 (base 3) to base 9
-16816607
-7a419 (base 13) to base 15
-45e4a
Convert aa8793 (base 11) to base 7.
21014012
Convert 2020110121 (base 3) to base 13.
170aa
-1243092 (base 10) to base 13
-346a76
Convert -263330 (base 8) to base 3.
-11200000101
391593 (base 10) to base 8
1374651
What is 18135171 (base 9) in base 4?
202301311123
-1552551 (base 6) to base 13
-33238
What is -3580b7 (base 12) in base 15?
-121094
Convert -11015134 (base 6) to base 2.
-1010000010101000010
Convert 440110012 (base 5) to base 15.
271a07
-1483286 (base 10) to base 16
-16a216
Convert -13843a (base 11) to base 3.
-101222111112
-100011021022220 (base 3) to base 9
-10137286
Convert 111202221122 (base 3) to base 16.
4232f
Convert -50245341 (base 6) to base 15.
-1d1354
What is 103301 (base 11) in base 15?
34023
Convert 1110010101110 (base 2) to base 13.
345a
Convert -37a6a85 (base 11) to base 10.
-6597739
Convert -12122121 (base 3) to base 5.
-112440
-233200313 (base 4) to base 5
-22211430
Convert 15a0880 (base 11) to base 8.
12310672
Convert 154524123 (base 6) to base 15.
45538c
1530554 (base 7) to base 16
33113
What is 2031648 (base 12) in base 9?
12320862
Convert -10110111011101001 (base 2) to base 7.
-540563
Convert 101001010011000000000 (base 2) to base 10.
1353216
Convert 150d (base 16) to base 6.
40541
Convert 3155114 (base 6) to base 7.
1214626
-1201a53 (base 12) to base 11
-1a71820
Convert -2272a8 (base 11) to base 13.
-c845c
-2123120311 (base 4) to base 10
-636469
-197863 (base 10) to base 14
-52171
45b04 (base 12) to base 10
93172
What is 212042 (base 10) in base 9?
352772
Convert -471a46 (base 15) to base 12.
-117a226
-101111101001011110110 (base 2) to base 11
-977065
Convert 54b7ba (base 12) to base 6.
44513154
-111130 (base 6) to base 8
-22176
What is -223c5 (base 13) in base 14?
-1893a
What is 131323230 (base 4) in base 10?
122604
2e71 (base 16) to base 7
46443
What is 739aa (base 15) in base 16?
5985d
-429385 (base 10) to base 11
-273670
6a3842 (base 12) to base 11
a66330
Convert -135012 (base 10) to base 9.
-225173
Convert -87287 (base 10) to base 4.
-111103313
What is -430331 (base 9) in base 7?
-2114536
What is -2a8055b (base 12) in base 11?
-4962628
-11220123 (base 5) to base 4
-120232220
What is -14421433 (base 6) in base 11?
-312155
What is 4ad86 (base 16) in base 11?
19a367
Convert -21593 (base 15) to base 4.
-121312200
955568 (base 14) to base 10
5047288
Convert -4abab (base 14) to base 8.
-546163
Convert 1425230 (base 6) to base 5.
10102042
Convert 31354553 (base 7) to base 8.
12074307
Convert -29d225 (base 16) to base 5.
-1200201043
What is -33012230200 (base 4) in base 5?
-2003201314
What is -1430521 (base 8) in base 16?
-63151
Convert -317911 (base 15) to base 6.
-122244024
What is -22013023 (base 4) in base 5?
-2311134
Convert -55559 (base 12) to base 16.
-1b9d5
Convert 145054a (base 11) to base 4.
21133310131
Convert -20365321 (base 7) to base 6.
-100422114
Convert -1712073 (base 8) to base 7.
-4136050
What is 35040 (base 8) in base 14?
55cc
-16141531 (base 7) to base 10
-1556458
-12302342 (base 5) to base 6
-2315213
-111467 (base 8) to base 13
-14200
81840 (base 13) to base 12
b2389
Convert 8bb3d (base 16) to base 8.
2135475
Convert -11102123 (base 5) to base 11.
-67000
What is -323132023 (base 4) in base 7?
-2033122
What is 4015162 (base 8) in base 12?
42a896
What is -320410010 (base 5) in base 9?
-2463763
Convert -111000101110000111 (base 2) to base 11.
-149607
Convert -4db1 (base 16) to base 12.
-b615
What is -210341 (base 7) in base 5?
-2124231
Convert -834763 (base 9) to base 10.
-495615
What is 77416 (base 11) in base 12?
54ba9
What is 88510 (base 9) in base 6?
1131530
What is -110001000001100001111101 (base 2) in base 16?
-c4187d
-1351135230 (base 6) to base 8
-77166342
1010011111101111111 (base 2) to base 15
6bd90
Convert 110223011233 (base 4) to base 10.
5419375
2500014 (base 7) to base 3
121020001120
7326731 (base 9) to base 11
2234707
What is -430135143 (base 6) in base 16?
-738687
What is -11657384 (base 9) in base 4?
-111301102303
What is 7526316 (base 9) in base 10?
4033086
Convert 1070ed (base 16) to base 10.
1077485
22445340 (base 6) to base 9
1262386
What is -7afcd5 (base 16) in base 5?
-4030410432
-20a270 (base 13) to base 8
-2726071
What is -7340487 (base 10) in base 15?
-99ee5c
Convert -320135523 (base 6) to base 8.
-25320213
What is -89a59 (base 14) in base 3?
-121222020201
410665 (base 8) to base 15
2a2a5
Convert 459670 (base 12) to base 7.
12324132
-14771757 (base 8) to base 4
-30333033233
Convert 1011203113 (base 4) to base 7.
2264401
-11